 - a**2. What is m(t)?
-5
Suppose -a = -2*h + 4, 5*h - a = 2*a + 9. Let b(w) = w**3 - 2 - h - 1. Let c be 0/((-2*2)/2). Determine b(c).
-6
Let u be ((-3)/9)/(2/(-12)). Let g(q) = 5 - u + 3*q + 3*q - 7*q. Let f(x) = x**2 + 2*x - 2. Let b be f(-4). Calculate g(b).
-3
Let a(v) = -v**3 + v + 1. Let k(z) = 7*z**3 - 2*z**2 - 8*z - 3. Let h(o) = 6*a(o) + k(o). Let n be 8/12 - 8/(-6). Calculate h(n).
-1
Let h(d) = -4*d + 5. Let z be h(3). Let g(k) = -2*k - 10. Determine g(z).
4
Suppose -6*g = -4*g. Suppose -4*i + c + 12 = g, -2*i + 2*c = -3*i - 6. Let v(q) = 2*q**2 - 2*q + 3. Give v(i).
7
Let m(i) = -7*i**2 - i - 1. Let c be (-3)/4 - 3/(-4). Suppose c = -5*n - 4 + 19. Suppose a - n*a = 2. Calculate m(a).
-7
Let k = 14 - 12. Let g(c) = -2*c**2 + 4*c - 3. Determine g(k).
-3
Let n(a) = -7 + 0*a - 2*a + 3*a. What is n(5)?
-2
Suppose -21 = -4*c - 5*i, -i = -2*c + 10 - 3. Suppose 3*j = -1 + c. Let z(g) be the first derivative of g**2 + g + 1. Calculate z(j).
3
Let d = -169 - -168. Let q(w) = 35*w**3 - 2*w**2 + 1. Give q(d).
-36
Let v(c) = 4*c - 5. Let j(o) = o - 1. Let z(g) = 5*j(g) - v(g). Determine z(-4).
-4
Let z = -39 - -44. Let b(r) be the second derivative of -r + 0 + 3*r**2 - 1/6*r**3. Give b(z).
1
Suppose f + f = -4. Let h be 1*(f - 3) - -2. Let d(v) = -v**3 - 3*v**2 + v + 1. Determine d(h).
-2
Let p(w) be the third derivative of w**4/24 + 5*w**3/6 + 2*w**2. What is p(-4)?
1
Let b be -2 - -3 - (3 + 1). Let v = 6 + -1. Let t(k) = 3 + 1 + v*k + 4*k**3 + 4*k**2 - 3*k**3. Give t(b).
-2
Let j(c) = 21*c**3 + 5*c**2 - 7*c + 2. Let m(h) = 11*h**3 + 3*h**2 - 4*h + 1. Let v(a) = 3*j(a) - 5*m(a). Suppose 0*n + 2*n - 1 = -r, 2*r + 2 = 0. What is v(n)?
8
Suppose s - 4 = -3. Let o(v) = 6*v**3 + v - 1. What is o(s)?
6
Let b(a) = -6*a - 1. Let j be (-2 - 8/(-5))*-15. Suppose -5*o + 10*o + 5*r - 5 = 0, -3*r = -j. Determine b(o).
5
Let n(c) = 3*c. Suppose 0 = -2*g + 3*g. Suppose g*w + 3*w - 3*k = 0, -3*k = -6. Suppose 1 = 2*i - 5*u, -5*i - 12 = 4*u + w. Determine n(i).
-6
Let l(w) = w + 11. Suppose 5*q - 4*j - j = -25, -3*j - 25 = 2*q. Determine l(q).
3
Let d(x) = -x**2 + 3*x + x**3 - 3*x**2 + 6*x**2 - 2 - 4*x**2. Let c be d(2). Let s(v) = 2*v + 2. Determine s(c).
10
Let d be ((-1)/(-2))/(3*1/18). Let i(b) be the first derivative of d + 6*b + 0*b**2 + 5/3*b**3 + 1/4*b**4. Determine i(-5).
6
Let k(h) = -h**2 + 7*h - 3. Suppose -11 = -3*n - 2, 3*u - 2*n = 9. Give k(u).
7
Let k = -1 + 4. Let d(f) be the third derivative of 1/12*f**4 + f**2 - 1/2*f**3 + 0*f + 0. What is d(k)?
3
Let b(a) = a**2 + 6*a - 1. Let i(c) = 6*c**3 + 2*c**2 - 1. Let s be i(-1). Calculate b(s).
-6
Let h(a) = -2*a**3 - 2*a**2 - 3*a - 6. Let u(k) = k**3 + k**2 + 1. Let l(w) = h(w) + 3*u(w). Calculate l(-2).
-1
Let v(b) = b**2 - 4*b - 6. Suppose 0*n = -2*c - 4*n - 6, 27 = 3*c - 3*n. Give v(c).
-1
Suppose 4*j - 5 - 35 = 0. Let x(y) = -j + 2*y**2 + 10 - y**2. Determine x(3).
9
Let b be 3*(4/72)/1. Let x(z) be the third derivative of 1/24*z**4 - b*z**3 - z**2 + 0*z + 0. What is x(-1)?
-2
Let d(s) = -s**2 + 5*s - 1. Let h be ((4 - 9) + 3)*-2. Give d(h).
3
Let l(f) = -f**2 - 4*f + 4. Let x be l(-6). Let c = 11 + x. Let k(a) = -2*a - 1 + 0 + 0 - c. Calculate k(-4).
4
Let j(l) = -l**3 + 5*l**2 - 4*l + 1. Let b = -3 + 7. What is j(b)?
1
Let h(o) = -o**2 - 39*o + 0*o**2 + 2*o**2 + 45*o + 6. What is h(-5)?
1
Let n(j) = j - 2. Let m(c) = 2*c - 4. Let x(k) = -6*m(k) + 11*n(k). Calculate x(1).
1
Let g(n) = 4*n - 4. Let c(w) = 0 + 10 - 10*w + 0. Let h(y) = -5*c(y) - 12*g(y). What is h(4)?
6
Let w(k) be the first derivative of -8*k**3/3 + k + 5. Suppose 0 = -5*c - 47 + 187. Suppose 3*l = -5*n - 2*l + 30, -c = -3*n - 5*l. What is w(n)?
-7
Let x(d) = d**2 + 3*d - 3. Let c(v) = v**3 - 5*v**2 - 9*v + 13. Let r be c(6). Give x(r).
7
Let r(l) = 3*l**3 - 2*l**2 + 2*l + 2. Let g(j) = j**3 + j**2 - 1. Let h(y) = 4*g(y) - r(y). Let z = 9 - 15. What is h(z)?
6
Let x(w) be the second derivative of -w**5/20 - w**4/6 + w**3/2 - 3*w**2/2 + 6*w. Determine x(-3).
-3
Let z be (-4)/26 + 216/(-117). Let n(b) = 2*b**2 + 2*b + 1. What is n(z)?
5
Suppose 5*c - 4 = 16. Suppose -c*h = -2*r + h + 7, -5*h = 3*r + 2. Let f(m) be the third derivative of -3*m**6/40 - m**5/30 + m**3/6 + 23*m**2. What is f(r)?
-10
Suppose 4*k + 5 = -w - 2, -3*w - 4*k = -3. Let i(m) be the first derivative of -m**4/4 + 4*m**3/3 + 5*m**2/2 + 7*m + 3. What is i(w)?
7
Let b be 32/(-10) + 1/5. Let i(r) = -3*r. Let v(x) = 8*x - 1. Let n(o) = -11*i(o) - 4*v(o). Determine n(b).
1
Suppose 3*u = -x - 2, 0*x = 5*x + 4*u - 1. Suppose -5*w + 3*d = 15, -2*w + d = 3 + 3. Let r be (6/w)/(x + 1). Let q(t) = -5*t**3. What is q(r)?
5
Let m(d) = 2*d - 6 + 2*d - d. Let a(c) = c**2 + 9*c - 5. Let g be a(-10). Give m(g).
9
Let t(a) = -9*a + 2 + 0 + a. Let b(w) = w. Let q(f) = 5*b(f) + t(f). What is q(2)?
-4
Let c(t) = 14*t**2 - 3*t + 3. Let v(u) = 5*u**2 - u + 1. Let b(p) = p**2 - 3*p + 7. Let g be b(5). Let o(y) = g*v(y) - 6*c(y). Determine o(0).
-1
Let z(r) be the second derivative of 1/40*r**5 + 0*r**3 + 0 + 4*r - 1/4*r**4 + 0*r**2 - 1/720*r**6. Let j(k) be the third derivative of z(k). What is j(0)?
3
Suppose 5*g = -y - 4, -g + 2*g = -y. Let u(b) = -95*b**3 + 0 + 0*b + 104*b**3 + 1 + b. Give u(g).
-9
Suppose o - 4*z = 15, 3*o - 3*z = -4*z + 6. Let q(k) = -k**3 - k**2 + 7. Let v be q(0). Let m = v - o. Let r(d) = -d + 9. Give r(m).
5
Let j = 11 + 3. Let s be 8/6 - j/(-21). Let u(y) = -y**s + 4 + 2*y - 4 - y. Give u(3).
-6
Let u(a) be the third derivative of -a**4/24 + 7*a**3/6 + a**2. Give u(0).
7
Let y = -5 + 9. Let k(q) = -y + 12 + q**2 + q + 0*q**3 - q**3. What is k(0)?
8
Let j = -1 + 6. Suppose 5 = 5*s + j*y, -3*s + 4 = 4*y - 2. Let i(k) = -2*k**2 + 3*k + k**2 + 3*k**2. What is i(s)?
2
Suppose 2*s - 4*z + 6 = -9*z, -5*s + 4*z = -18. Suppose b + s = -b. Let k(t) = 6 + t**2 - 1 - 4 + t - 3*t**3. Determine k(b).
4
Let g(h) be the first derivative of -h**4/4 + h**3/3 + 5*h**2/2 - 2*h - 1. Let w = -23 + 26. Determine g(w).
-5
Let k = -15 - -27. Suppose -4*x + 11 = -y - 8, 4*x = k. Let r(m) = -m**2 - 9*m - 8. Determine r(y).
6
Let z(j) = -8*j**2 + 30*j - 5. Let w(s) = -3*s**2 + 10*s - 2. Let n(b) = -11*w(b) + 4*z(b). Give n(-9).
-7
Let z(j) = 5*j**3 + 11*j**2 - 6*j + 3. Let x(k) = -4*k**3 - 10*k**2 + 5*k - 3. Let q(r) = -6*x(r) - 5*z(r). Let m be 2 + 0 + (-42)/(-14). Determine q(m).
3
Let y(d) = -7*d + 1. Suppose -12 = -4*n - 0. Suppose 4 = x + 2*l + 2*l, -n*x + 2*l = -12. Suppose -12 = g - x*g, 0 = 5*p + g + 1. What is y(p)?
8
Let o be -3 - (3 + -2 - 0). Let t(f) = -f**2 - 7*f + 1. What is t(o)?
13
Let j(u) = u**3 + 37*u**2 + 4 - 7*u - 21*u**2 - 10*u**2. What is j(-7)?
4
Let f(b) be the third derivative of -b**2 - 1/6*b**3 + 0 - 2/15*b**5 - 1/24*b**4 + 0*b. Calculate f(-1).
-8
Let a = 2 - 0. Let t(q) = -q**2 - 2*q**3 - q - 2*q**a + q**3 + 1 + 2*q**3. What is t(3)?
-2
Let d(p) = -p**3 + 6*p**2 - 3*p - 3. Let h(g) = -g**2 - 8*g - 5. Let j be h(-8). Let x(n) = -2*n - 5. Let z be x(j). Determine d(z).
7
Let f = -10 + 8. Let i be (f - -1) + (-15)/5. Let o(a) = -a + 4. Calculate o(i).
8
Let q = -13 - -18. Let h(r) be the second derivative of -r**5/20 + r**4/2 - r**3 - r**2 + 2*r. Determine h(q).
-7
Let z(q) = -q**3 + 5*q**2 - 4*q - 5. Let u(a) = a**3 + 5*a**2 - 7*a - 2. Let m(x) = x**2 + 6*x + 2. Let o be m(-4). Let t be u(o). Calculate z(t).
-5
Let h = -14 - -8. Let f = h + 2. Let k(s) = 4*s + 1 - 3*s + s. Give k(f).
-7
Let o(c) be the first derivative of -c**4/4 - 2*c**3 + c**2/2 + 6*c - 4. Let v be o(-6). Let g(r) = -r**3 + r**2 + 4. Give g(v).
4
Let y be (8/8)/(2/14). Let i(s) = -s**3 + 6*s**2 + 8*s - 8. What is i(y)?
-1
Let y be 1*(-13 + 1*-2). Let l = 11 + y. Let s(f) = 3*f + 3. Let r(c) = 3*c + 4. Let z(x) = 3*r(x) - 2*s(x). Calculate z(l).
-6
Let j(s) = s**3 - 8 - 11*s**2 + 5*s + 13 + 4*s. Let c be j(10). Let b(l) = -3*l - 10. Let w(n) = 1. Let r(h) = -b(h) - 3*w(h). What is r(c)?
-8
Let q(j) = 5*j**2 + j + 1. Let d = 44 - 45. What is q(d)?
5
Let n(q) be the first derivative of -3*q**2/2 + 20*q - 12. What is n(8)?
-4
Let v(d) = -10*d - 7 - 2*d**2 + 1 + 0. Determine v(-6).
-18
Let d = 1 + 1. Let j = -6 - -8. Let m(c) = 1 - c - 3 + j*c + 3*c**2. What is m(d)?
12
Let z(r) = -r + 1. Let g(c) = -2*c + 3. Let a(p) = -3*g(p) + 8*z(p). Give a(-1).
1
Let q(m) = -m. Let j(f) = -2*f**2 - 